 2*k + 9 = 3*z. Let j be 28/84 - (-16)/6. What is the remainder when (-488)/(-20) - j - k/(-15) is divided by 8?
5
Suppose 36*b = 35*b - 2*h + 85, 3*h - 167 = -2*b. What is the remainder when 584 is divided by b?
31
Let i = 4141 + -3687. Calculate the remainder when i is divided by 8.
6
Let j = 1119 + -1106. Let f be (-198)/(-45) + 6/10. Suppose 48 = f*k - 3*k. What is the remainder when k is divided by j?
11
Let x = 13 - 11. Let n(d) = d**2 - 3*d + 4. Let i be n(x). Suppose i*y - 13 = 5*m, 5*y - m - 42 = 2*m. Calculate the remainder when 25 is divided by y.
7
Suppose -261 = -n + 69. Calculate the remainder when n is divided by -3*(7 - 1)/(-6) + (12 - -22).
34
Suppose 0 = 2*x - 0*x - 20. Suppose x*h = 48 + 82. Suppose l = 5*r + h, -3*l + 0*l - 5*r + 79 = 0. Calculate the remainder when l is divided by 7.
2
Suppose -55*w = w - 56336. Calculate the remainder when w is divided by 16.
14
Let g(k) = k**2 + 378*k - 1515. Calculate the remainder when 0 + (79/1 - 2) is divided by g(4).
12
Let n = 36 - 34. Suppose 0 = n*c - 11 + 5. Suppose 4*v - 115 = -3*a, 0 = -v + 4*v - c*a - 102. Calculate the remainder when v is divided by 16.
15
Let s(b) = 14*b**2 - 8*b + 20. Let u be s(2). Suppose m - 16 = 16. Calculate the remainder when m is divided by (u/(-8) - -13)*1*2.
10
Let c be 30/(-135) + (119/9)/1. Suppose -k + 4*s - 3 = -c, 5*s + 10 = k. Calculate the remainder when 467 is divided by k.
7
Let p = 62 + -62. Suppose p = -2*c + 25 + 7. Calculate the remainder when 45 is divided by c.
13
Let p(o) = -194*o - 2602. What is the remainder when p(-16) is divided by 246?
10
Let g = -26 - -223. Let c = g + -160. Calculate the remainder when c is divided by 22.
15
Let s = 16 - 14. Suppose 5 = -x, -3*a = -3*x - s*x - 31. Suppose -5*u + a*l = -100, -4*l = -8*l. Calculate the remainder when u is divided by 7.
6
Let i(a) be the second derivative of 41*a**3/6 - 593*a**2/2 - 3*a - 82. Suppose 80 - 20 = 5*x. Calculate the remainder when i(15) is divided by x.
10
Suppose -64*b + 3*x - 247 = -66*b, -2*x - 141 = -b. What is the remainder when 4320 is divided by b?
128
Let u = -30 - -1120. What is the remainder when u is divided by 26?
24
Suppose -305*r + 11072 = -13328. Calculate the remainder when 2158 is divided by r.
78
Let l = -56 - -159. Suppose -4*u - o = -83, 3*o - 18 = -21. Calculate the remainder when l is divided by u.
19
Suppose -287*i + 135*i + 135*i = -13124. Calculate the remainder when i is divided by 31.
28
Let r be -1 + 250 + (-8)/(-8). Let a = r - 119. Calculate the remainder when a is divided by 15.
11
Let l = -4830 - -5380. What is the remainder when l is divided by 170?
40
Let n = 472 + -186. Suppose 0 = 3*h + 12, -2*b - 2*h - h = -n. Calculate the remainder when b is divided by 19.
16
Let r(d) = 243*d**3 + 2*d**2 + 1. Let c be r(1). Let q = -172 + c. Suppose -w - y = -17, 38 = -5*w + 4*y + 141. What is the remainder when q is divided by w?
17
Suppose 3*n = 3*h + 33, -2*n - 5*h + 0*h = 13. Let y be 916/n + -1 + (-8)/(-6). Suppose -2*q - q = -y. Calculate the remainder when q is divided by 27.
24
Let v(w) = -115*w + 86. Suppose 247 = 3*l - 131. Suppose 0 = 2*m + 8, -2*k - 3*k + l = -4*m. Calculate the remainder when v(0) is divided by k.
20
Let u be (24/(-30))/(((-24)/15)/4). Suppose u*s + 18 = 36. What is the remainder when 13 is divided by s?
4
Suppose 9*f - 432 = 3*f. Calculate the remainder when f is divided by (-150)/20 + 6 - ((-15)/2 - 1).
2
Suppose -45 = -0*c - 15*c. Suppose 6*z = c*z - 3, 0 = 3*p + 5*z - 385. Calculate the remainder when p is divided by 23.
15
Suppose -4*t + 4*o + 556 = 0, -521 = -5*t - 3*o + 198. Calculate the remainder when 1121 is divided by t.
127
Suppose 2*c = -2*m + 32, 4*m = -5*c - 0*c + 82. Let o(a) = a**3 - 130*a**2 - 130*a**2 - 26 + 7*a + 259*a**2. Calculate the remainder when o(4) is divided by c.
14
Let k(y) = -2*y**3 - 5*y**2 - 3*y - 12. Let p be k(-4). Let d be 728/6 - 16/p. Calculate the remainder when (-2 - 2) + 0 + d is divided by 20.
17
Suppose -6*n + 2626 - 2518 = 0. What is the remainder when 74 is divided by n?
2
Suppose 2*z - 154 - 152 = 6*s, -4*s + 139 = z. Calculate the remainder when 464 is divided by z.
23
Let t be 1 + 14/6 + 40/24. What is the remainder when 127 is divided by t/(-2)*836/(-55)?
13
Let t be (-49)/(-42) - (-1)/(-6). Let x(v) = 5*v**2 + 1. Suppose 0 = -7*z + 4*z + 42. What is the remainder when z is divided by x(t)?
2
Let d(k) = -2*k**2 + 50*k - 399. Let u(z) = -z**2 + 25*z - 200. Let y(f) = -4*d(f) + 7*u(f). What is the remainder when 105 is divided by y(14)?
21
Suppose 3*u = 29 + 28. Let m(j) = j**2 + 18*j + 128. Calculate the remainder when m(0) is divided by u.
14
Suppose 4*d - 84 = -0*d. Let x = -77 + 79. Suppose 2*m - v - 26 = 0, -3*m + 30 = x*v + v. Calculate the remainder when d is divided by m.
9
Suppose -7*j - 5 = 3*q - 35, 0 = -4*q - 2*j + 62. What is the remainder when 165 is divided by q?
12
Let g(k) = -k**2 - 9*k + 16. Let t be (-50)/12*2 - 14/21. What is the remainder when 75 is divided by g(t)?
11
Let l = 3267 + -3263. Let t be (-2 - -1)/(1/(-10)). Suppose 0 = -2*k + t + l. What is the remainder when 18 is divided by k?
4
Let t be (-2)/4 + (-247)/(-38). Let p(o) = 17*o - 93. Calculate the remainder when 60 is divided by p(t).
6
Let p(o) = 2112*o**2 + 6*o + 1. Calculate the remainder when p(-1) is divided by 34.
33
Let f(v) = 13*v**2 + 191*v + 145. Calculate the remainder when f(-14) is divided by 10.
9
Let g be (8/6)/((-4)/6). Let u = -17 + 32. Calculate the remainder when (g*(-54)/(-2))/(2 + -4) is divided by u.
12
Suppose 2*w - w + 39 = f, -20 = 4*f. Let u = 82 + w. What is the remainder when u is divided by 42/5 - 4/10?
6
Let o(v) = -144*v**3 - 26*v**2 + 41*v + 71*v**3 - 3*v - 45 + 72*v**3. Calculate the remainder when o(-28) is divided by 33.
30
Let h be (-8)/(8/7) + -152. Calculate the remainder when 19928/h*9/(-4) is divided by 26.
22
Let d(w) = 28*w - 27. Let i = 134 + -126. What is the remainder when d(4) is divided by i?
5
Calculate the remainder when 489 is divided by ((-186)/(-24))/(-31) - 61/(-4).
9
Let b = 26892 + -22979. What is the remainder when b is divided by 112?
105
Let x(i) = 4*i - 74. Calculate the remainder when 16 + 30 + 0/(-2) is divided by x(21).
6
Let l(k) = k**2 - 4*k + 18. Calculate the remainder when 3606 is divided by l(-7).
91
Suppose q = -4*u + 35, q + 3*u = 4*q - 105. Calculate the remainder when q is divided by 2.
1
Let f = -6742 + 7132. What is the remainder when f is divided by 71?
35
Suppose -2*u + 18 = -46. Suppose u*t - 4372 = -596. Suppose 3*r - 120 = -r. What is the remainder when t is divided by r?
28
Let v(u) = 2*u + 85. Suppose -5*b - 63 = 2*k, 78 = -4*k + 3*b - 9. What is the remainder when 122 is divided by v(k)?
11
Let q = -30 + 90. Suppose 28 - 88 = 5*w. Calculate the remainder when q is divided by (-252)/(-16)*(-16)/w.
18
Let f be -2*(-88)/32*198. Suppose 0 = -2*c + z + 430, -z = 11*c - 6*c - f. What is the remainder when c is divided by 17?
13
Let y(u) = 36*u - 2916. What is the remainder when 2707 is divided by y(96)?
7
Let o(c) = 2*c**2 + 19*c + 180. Calculate the remainder when 929 is divided by o(15).
14
Suppose 0 = -4*k, b - 4*k = k + 107. What is the remainder when b is divided by (60/2*-1)/(913/(-44) + 20)?
27
Suppose 5*b + 5*i = 20, b + 3*b - 4*i = -16. Suppose 7*h + b*h = 147. What is the remainder when (-304)/(-3) - 2/(-3) is divided by h?
18
What is the remainder when (4 - (-25)/(-1))*(-4)/3 is divided by 1 - (-13 - -10)*3?
8
Suppose -82*g = -10872 - 15286. What is the remainder when 1219 is divided by g?
262
Suppose -2147*p = -2136*p - 891. What is the remainder when p is divided by ((-27)/6 + 4)*-68?
13
Suppose 128*o - 262*o = -130*o - 176. Let g = -26 + 37. Calculate the remainder when o is divided by g.
0
Suppose -4*s + 522 = 7*p, 4*s = -s - 5*p + 645. Calculate the remainder when s is divided by 39.
10
Suppose -11*p = -1415 + 5276. Let k = p + 374. What is the remainder when 38 is divided by k?
15
Suppose -16*y + 11*y = -2*g + 264, -4*y + 8 = 0. Let u = -357 - -427. What is the remainder when g is divided by u?
67
Suppose -15 = -c - 4*i, -2*i + 5 + 55 = 2*c. Calculate the remainder when (c/10 + -8)*2*-12 is divided by 49.
10
Suppose 7*j = -2*j + 729. What is the remainder when 103 is divided by (-1 + (-4